{"id":99,"date":"2025-06-27T11:59:39","date_gmt":"2025-06-27T11:59:39","guid":{"rendered":"https:\/\/apcontentstudio.pl\/?page_id=99"},"modified":"2025-07-03T17:17:11","modified_gmt":"2025-07-03T17:17:11","slug":"kontakt","status":"publish","type":"page","link":"https:\/\/apcontentstudio.pl\/index.php\/kontakt\/","title":{"rendered":"Kontakt"},"content":{"rendered":"\n<p>\ud83d\udcddMasz pytanie lub chcesz porozmawia\u0107 o wsp\u00f3\u0142pracy?<\/p>\n\n\n\n<p>Napisz do mnie \u2013 odpowiem tak szybko, jak to mo\u017cliwe!\ud83d\ude0a<\/p>\n\n\n\n<h3 class=\"wp-block-heading has-accent-color has-text-color has-link-color wp-elements-cad12a00e0491d1733169b029bc0ef4a\">Dane kontaktowe:<\/h3>\n\n\n\n<p>\ud83d\udce7 <strong>E-mail:<\/strong> kontakt@apcontentstudio.pl<\/p>\n\n\n\n<p>\ud83d\udccd <strong>Lokalizacja:<\/strong> Pracuj\u0119 zdalnie \u2013 obs\u0142uguj\u0119 klient\u00f3w z ca\u0142ej Polski<\/p>\n\n\n\n<div class=\"wp-block-buttons is-layout-flex wp-block-buttons-is-layout-flex\">\n<div class=\"wp-block-button\"><a class=\"wp-block-button__link wp-element-button\" href=\"https:\/\/www.linkedin.com\/in\/agata-pa%C5%82ka-161699259\/\">\ud83d\udcf1 mEDIA SPO\u0141ECZNO\u015aCIOWE <\/a><\/div>\n<\/div>\n\n\n\n<h5 class=\"wp-block-heading\">Formularz kontaktowy<\/h5>\n\n\n<div class=\"wpforms-container wpforms-container-full wpforms-block wpforms-block-012f6283-525f-46d6-8161-f0a517a8970a wpforms-render-modern\" id=\"wpforms-140\"><form id=\"wpforms-form-140\" class=\"wpforms-validate wpforms-form wpforms-ajax-form\" data-formid=\"140\" method=\"post\" enctype=\"multipart\/form-data\" action=\"\/index.php\/wp-json\/wp\/v2\/pages\/99\" data-token=\"dc66b0ed503d250e4aa1d191c96d661b\" data-token-time=\"1776439126\"><noscript class=\"wpforms-error-noscript\">Aby wype\u0142ni\u0107 ten formularz, w\u0142\u0105cz obs\u0142ug\u0119 JavaScript w przegl\u0105darce.<\/noscript><div class=\"wpforms-hidden\" id=\"wpforms-error-noscript\">Aby wype\u0142ni\u0107 ten formularz, w\u0142\u0105cz obs\u0142ug\u0119 JavaScript w przegl\u0105darce.<\/div><div class=\"wpforms-field-container\"><div id=\"wpforms-140-field_1-container\" class=\"wpforms-field wpforms-field-name\" data-field-id=\"1\"><fieldset><legend class=\"wpforms-field-label\">Imi\u0119 i nazwisko <span class=\"wpforms-required-label\" aria-hidden=\"true\">*<\/span><\/legend><div class=\"wpforms-field-row wpforms-field-medium\"><div class=\"wpforms-field-row-block wpforms-first wpforms-one-half\"><input type=\"text\" id=\"wpforms-140-field_1\" class=\"wpforms-field-name-first wpforms-field-required\" name=\"wpforms[fields][1][first]\" aria-errormessage=\"wpforms-140-field_1-error\" required><label for=\"wpforms-140-field_1\" class=\"wpforms-field-sublabel after\">Imi\u0119<\/label><\/div><div class=\"wpforms-field-row-block wpforms-one-half\"><input type=\"text\" id=\"wpforms-140-field_1-last\" class=\"wpforms-field-name-last wpforms-field-required\" name=\"wpforms[fields][1][last]\" aria-errormessage=\"wpforms-140-field_1-last-error\" required><label for=\"wpforms-140-field_1-last\" class=\"wpforms-field-sublabel after\">Nazwisko<\/label><\/div><\/div><\/fieldset><\/div>\t\t<div id=\"wpforms-140-field_4-container\"\n\t\t\tclass=\"wpforms-field wpforms-field-text\"\n\t\t\tdata-field-type=\"text\"\n\t\t\tdata-field-id=\"4\"\n\t\t\t>\n\t\t\t<label class=\"wpforms-field-label\" for=\"wpforms-140-field_4\" >wiadomo\u015b\u0107 Komentarz Imi\u0119<\/label>\n\t\t\t<input type=\"text\" id=\"wpforms-140-field_4\" class=\"wpforms-field-medium\" name=\"wpforms[fields][4]\" >\n\t\t<\/div>\n\t\t<div id=\"wpforms-140-field_2-container\" class=\"wpforms-field wpforms-field-email\" data-field-id=\"2\"><label class=\"wpforms-field-label\" for=\"wpforms-140-field_2\">Adres e-mail <span class=\"wpforms-required-label\" aria-hidden=\"true\">*<\/span><\/label><input type=\"email\" id=\"wpforms-140-field_2\" class=\"wpforms-field-medium wpforms-field-required\" name=\"wpforms[fields][2]\" spellcheck=\"false\" aria-errormessage=\"wpforms-140-field_2-error\" required><\/div><div id=\"wpforms-140-field_3-container\" class=\"wpforms-field wpforms-field-textarea\" data-field-id=\"3\"><label class=\"wpforms-field-label\" for=\"wpforms-140-field_3\">Komentarz lub wiadomo\u015b\u0107<\/label><textarea id=\"wpforms-140-field_3\" class=\"wpforms-field-medium\" name=\"wpforms[fields][3]\" aria-errormessage=\"wpforms-140-field_3-error\" ><\/textarea><\/div><script>\n\t\t\t\t( function() {\n\t\t\t\t\tconst style = document.createElement( 'style' );\n\t\t\t\t\tstyle.appendChild( document.createTextNode( '#wpforms-140-field_4-container { position: absolute !important; overflow: hidden !important; display: inline !important; height: 1px !important; width: 1px !important; z-index: -1000 !important; padding: 0 !important; } #wpforms-140-field_4-container input { visibility: hidden; } #wpforms-conversational-form-page #wpforms-140-field_4-container label { counter-increment: none; }' ) );\n\t\t\t\t\tdocument.head.appendChild( style );\n\t\t\t\t\tdocument.currentScript?.remove();\n\t\t\t\t} )();\n\t\t\t<\/script><\/div><!-- .wpforms-field-container --><div class=\"wpforms-submit-container\" ><input type=\"hidden\" name=\"wpforms[id]\" value=\"140\"><input type=\"hidden\" name=\"page_title\" value=\"\"><input type=\"hidden\" name=\"page_url\" value=\"https:\/\/apcontentstudio.pl\/index.php\/wp-json\/wp\/v2\/pages\/99\"><input type=\"hidden\" name=\"url_referer\" value=\"\"><button type=\"submit\" name=\"wpforms[submit]\" id=\"wpforms-submit-140\" class=\"wpforms-submit\" data-alt-text=\"Wysy\u0142anie...\" data-submit-text=\"Prze\u015blij\" aria-live=\"assertive\" value=\"wpforms-submit\">Prze\u015blij<\/button><img loading=\"lazy\" decoding=\"async\" src=\"https:\/\/apcontentstudio.pl\/wp-content\/plugins\/wpforms-lite\/assets\/images\/submit-spin.svg\" class=\"wpforms-submit-spinner\" style=\"display: none;\" width=\"26\" height=\"26\" alt=\"Wczytywanie\"><\/div><\/form><\/div>  <!-- .wpforms-container -->","protected":false},"excerpt":{"rendered":"<p>\ud83d\udcddMasz pytanie lub chcesz porozmawia\u0107 o wsp\u00f3\u0142pracy? Napisz do mnie \u2013 odpowiem tak szybko, jak to mo\u017cliwe!\ud83d\ude0a Dane kontaktowe: \ud83d\udce7 E-mail: kontakt@apcontentstudio.pl \ud83d\udccd Lokalizacja: Pracuj\u0119 zdalnie \u2013 obs\u0142uguj\u0119 klient\u00f3w z ca\u0142ej Polski Formularz kontaktowy<\/p>\n","protected":false},"author":1,"featured_media":0,"parent":0,"menu_order":0,"comment_status":"closed","ping_status":"closed","template":"","meta":{"footnotes":""},"class_list":["post-99","page","type-page","status-publish","hentry"],"yoast_head":"<!-- This site is optimized with the Yoast SEO plugin v25.4 - https:\/\/yoast.com\/wordpress\/plugins\/seo\/ -->\n<title>Kontakt - AP Content Studio<\/title>\n<meta name=\"robots\" content=\"index, follow, max-snippet:-1, max-image-preview:large, max-video-preview:-1\" \/>\n<link rel=\"canonical\" href=\"https:\/\/apcontentstudio.pl\/index.php\/kontakt\/\" \/>\n<meta property=\"og:locale\" content=\"pl_PL\" \/>\n<meta property=\"og:type\" content=\"article\" \/>\n<meta property=\"og:title\" content=\"Kontakt - AP Content Studio\" \/>\n<meta property=\"og:description\" content=\"\ud83d\udcddMasz pytanie lub chcesz porozmawia\u0107 o wsp\u00f3\u0142pracy? Napisz do mnie \u2013 odpowiem tak szybko, jak to mo\u017cliwe!\ud83d\ude0a Dane kontaktowe: \ud83d\udce7 E-mail: kontakt@apcontentstudio.pl \ud83d\udccd Lokalizacja: Pracuj\u0119 zdalnie \u2013 obs\u0142uguj\u0119 klient\u00f3w z ca\u0142ej Polski Formularz kontaktowy\" \/>\n<meta property=\"og:url\" content=\"https:\/\/apcontentstudio.pl\/index.php\/kontakt\/\" \/>\n<meta property=\"og:site_name\" content=\"AP Content Studio\" \/>\n<meta property=\"article:modified_time\" content=\"2025-07-03T17:17:11+00:00\" \/>\n<meta name=\"twitter:card\" content=\"summary_large_image\" \/>\n<script type=\"application\/ld+json\" class=\"yoast-schema-graph\">{\"@context\":\"https:\/\/schema.org\",\"@graph\":[{\"@type\":\"WebPage\",\"@id\":\"https:\/\/apcontentstudio.pl\/index.php\/kontakt\/\",\"url\":\"https:\/\/apcontentstudio.pl\/index.php\/kontakt\/\",\"name\":\"Kontakt - AP Content Studio\",\"isPartOf\":{\"@id\":\"https:\/\/apcontentstudio.pl\/#website\"},\"datePublished\":\"2025-06-27T11:59:39+00:00\",\"dateModified\":\"2025-07-03T17:17:11+00:00\",\"breadcrumb\":{\"@id\":\"https:\/\/apcontentstudio.pl\/index.php\/kontakt\/#breadcrumb\"},\"inLanguage\":\"pl-PL\",\"potentialAction\":[{\"@type\":\"ReadAction\",\"target\":[\"https:\/\/apcontentstudio.pl\/index.php\/kontakt\/\"]}]},{\"@type\":\"BreadcrumbList\",\"@id\":\"https:\/\/apcontentstudio.pl\/index.php\/kontakt\/#breadcrumb\",\"itemListElement\":[{\"@type\":\"ListItem\",\"position\":1,\"name\":\"Strona g\u0142\u00f3wna\",\"item\":\"https:\/\/apcontentstudio.pl\/\"},{\"@type\":\"ListItem\",\"position\":2,\"name\":\"Kontakt\"}]},{\"@type\":\"WebSite\",\"@id\":\"https:\/\/apcontentstudio.pl\/#website\",\"url\":\"https:\/\/apcontentstudio.pl\/\",\"name\":\"AP Content Studio\",\"description\":\"\",\"publisher\":{\"@id\":\"https:\/\/apcontentstudio.pl\/#\/schema\/person\/04326328863ced4205b05511ad1c586f\"},\"potentialAction\":[{\"@type\":\"SearchAction\",\"target\":{\"@type\":\"EntryPoint\",\"urlTemplate\":\"https:\/\/apcontentstudio.pl\/?s={search_term_string}\"},\"query-input\":{\"@type\":\"PropertyValueSpecification\",\"valueRequired\":true,\"valueName\":\"search_term_string\"}}],\"inLanguage\":\"pl-PL\"},{\"@type\":[\"Person\",\"Organization\"],\"@id\":\"https:\/\/apcontentstudio.pl\/#\/schema\/person\/04326328863ced4205b05511ad1c586f\",\"name\":\"admin\",\"image\":{\"@type\":\"ImageObject\",\"inLanguage\":\"pl-PL\",\"@id\":\"https:\/\/apcontentstudio.pl\/#\/schema\/person\/image\/\",\"url\":\"https:\/\/apcontentstudio.pl\/wp-content\/uploads\/2025\/07\/cropped-Kopia-\u2013-Contentstudio.png\",\"contentUrl\":\"https:\/\/apcontentstudio.pl\/wp-content\/uploads\/2025\/07\/cropped-Kopia-\u2013-Contentstudio.png\",\"width\":403,\"height\":220,\"caption\":\"admin\"},\"logo\":{\"@id\":\"https:\/\/apcontentstudio.pl\/#\/schema\/person\/image\/\"},\"sameAs\":[\"https:\/\/apcontentstudio.pl\"]}]}<\/script>\n<!-- \/ Yoast SEO plugin. -->","yoast_head_json":{"title":"Kontakt - AP Content Studio","robots":{"index":"index","follow":"follow","max-snippet":"max-snippet:-1","max-image-preview":"max-image-preview:large","max-video-preview":"max-video-preview:-1"},"canonical":"https:\/\/apcontentstudio.pl\/index.php\/kontakt\/","og_locale":"pl_PL","og_type":"article","og_title":"Kontakt - AP Content Studio","og_description":"\ud83d\udcddMasz pytanie lub chcesz porozmawia\u0107 o wsp\u00f3\u0142pracy? Napisz do mnie \u2013 odpowiem tak szybko, jak to mo\u017cliwe!\ud83d\ude0a Dane kontaktowe: \ud83d\udce7 E-mail: kontakt@apcontentstudio.pl \ud83d\udccd Lokalizacja: Pracuj\u0119 zdalnie \u2013 obs\u0142uguj\u0119 klient\u00f3w z ca\u0142ej Polski Formularz kontaktowy","og_url":"https:\/\/apcontentstudio.pl\/index.php\/kontakt\/","og_site_name":"AP Content Studio","article_modified_time":"2025-07-03T17:17:11+00:00","twitter_card":"summary_large_image","schema":{"@context":"https:\/\/schema.org","@graph":[{"@type":"WebPage","@id":"https:\/\/apcontentstudio.pl\/index.php\/kontakt\/","url":"https:\/\/apcontentstudio.pl\/index.php\/kontakt\/","name":"Kontakt - AP Content Studio","isPartOf":{"@id":"https:\/\/apcontentstudio.pl\/#website"},"datePublished":"2025-06-27T11:59:39+00:00","dateModified":"2025-07-03T17:17:11+00:00","breadcrumb":{"@id":"https:\/\/apcontentstudio.pl\/index.php\/kontakt\/#breadcrumb"},"inLanguage":"pl-PL","potentialAction":[{"@type":"ReadAction","target":["https:\/\/apcontentstudio.pl\/index.php\/kontakt\/"]}]},{"@type":"BreadcrumbList","@id":"https:\/\/apcontentstudio.pl\/index.php\/kontakt\/#breadcrumb","itemListElement":[{"@type":"ListItem","position":1,"name":"Strona g\u0142\u00f3wna","item":"https:\/\/apcontentstudio.pl\/"},{"@type":"ListItem","position":2,"name":"Kontakt"}]},{"@type":"WebSite","@id":"https:\/\/apcontentstudio.pl\/#website","url":"https:\/\/apcontentstudio.pl\/","name":"AP Content Studio","description":"","publisher":{"@id":"https:\/\/apcontentstudio.pl\/#\/schema\/person\/04326328863ced4205b05511ad1c586f"},"potentialAction":[{"@type":"SearchAction","target":{"@type":"EntryPoint","urlTemplate":"https:\/\/apcontentstudio.pl\/?s={search_term_string}"},"query-input":{"@type":"PropertyValueSpecification","valueRequired":true,"valueName":"search_term_string"}}],"inLanguage":"pl-PL"},{"@type":["Person","Organization"],"@id":"https:\/\/apcontentstudio.pl\/#\/schema\/person\/04326328863ced4205b05511ad1c586f","name":"admin","image":{"@type":"ImageObject","inLanguage":"pl-PL","@id":"https:\/\/apcontentstudio.pl\/#\/schema\/person\/image\/","url":"https:\/\/apcontentstudio.pl\/wp-content\/uploads\/2025\/07\/cropped-Kopia-\u2013-Contentstudio.png","contentUrl":"https:\/\/apcontentstudio.pl\/wp-content\/uploads\/2025\/07\/cropped-Kopia-\u2013-Contentstudio.png","width":403,"height":220,"caption":"admin"},"logo":{"@id":"https:\/\/apcontentstudio.pl\/#\/schema\/person\/image\/"},"sameAs":["https:\/\/apcontentstudio.pl"]}]}},"_links":{"self":[{"href":"https:\/\/apcontentstudio.pl\/index.php\/wp-json\/wp\/v2\/pages\/99","targetHints":{"allow":["GET"]}}],"collection":[{"href":"https:\/\/apcontentstudio.pl\/index.php\/wp-json\/wp\/v2\/pages"}],"about":[{"href":"https:\/\/apcontentstudio.pl\/index.php\/wp-json\/wp\/v2\/types\/page"}],"author":[{"embeddable":true,"href":"https:\/\/apcontentstudio.pl\/index.php\/wp-json\/wp\/v2\/users\/1"}],"replies":[{"embeddable":true,"href":"https:\/\/apcontentstudio.pl\/index.php\/wp-json\/wp\/v2\/comments?post=99"}],"version-history":[{"count":7,"href":"https:\/\/apcontentstudio.pl\/index.php\/wp-json\/wp\/v2\/pages\/99\/revisions"}],"predecessor-version":[{"id":164,"href":"https:\/\/apcontentstudio.pl\/index.php\/wp-json\/wp\/v2\/pages\/99\/revisions\/164"}],"wp:attachment":[{"href":"https:\/\/apcontentstudio.pl\/index.php\/wp-json\/wp\/v2\/media?parent=99"}],"curies":[{"name":"wp","href":"https:\/\/api.w.org\/{rel}","templated":true}]}}